1) to base 4
10000113121
-278bb (base 13) to base 6
-1330343
Convert -1570785 (base 10) to base 13.
-42cc78
12221100010 (base 3) to base 6
2301050
111101101010010 (base 2) to base 5
2002240
Convert -44108 (base 10) to base 15.
-d108
What is -101001000012020 (base 3) in base 10?
-5334234
1561024 (base 9) to base 3
1122001000211
What is -211010212201 (base 3) in base 15?
-8921d
39822c (base 13) to base 10
1388880
What is 1113122102 (base 4) in base 11?
224aa6
Convert 130332012 (base 4) to base 2.
11100111110000110
-288033 (base 10) to base 14
-76d7b
Convert -1415663 (base 8) to base 2.
-1100001101110110011
-13a83 (base 14) to base 15
-e683
Convert 25665a4 (base 11) to base 5.
2114214203
Convert -9b8b94 (base 12) to base 15.
-340b04
373294 (base 10) to base 7
3113215
-52433 (base 13) to base 15
-2dc62
Convert -2342626 (base 7) to base 4.
-1020112003
Convert -200602025 (base 7) to base 4.
-230113220231
46340 (base 9) to base 16
78b1
What is -17825 (base 16) in base 7?
-550511
Convert 2a974 (base 11) to base 7.
241405
Convert 2a5644 (base 14) to base 13.
3c8355
What is 1023110300 (base 4) in base 3?
120200012222
What is 12946058 (base 10) in base 15?
120ad08
-485318 (base 9) to base 15
-5ba5e
-646460 (base 8) to base 2
-110100110100110000
Convert -354633 (base 8) to base 9.
-204274
What is -14264a (base 14) in base 3?
-1022110202221
-22153011 (base 7) to base 11
-1096764
1224461 (base 7) to base 14
41668
3120774 (base 8) to base 16
ca1fc
480c98 (base 14) to base 9
4561006
11124114 (base 5) to base 7
560431
-33110321 (base 5) to base 14
-75c74
-20b19 (base 14) to base 3
-11000101100
128a411 (base 11) to base 7
24623464
-30031143 (base 5) to base 8
-715607
205954 (base 10) to base 7
1515310
What is a4393 (base 15) in base 9?
873063
20525164 (base 7) to base 12
6b9771
2cb263 (base 15) to base 4
20100103032
-13e1b (base 15) to base 14
-19422
11111112111 (base 3) to base 7
516211
-12c00d (base 15) to base 12
-3755aa
100001110101010101 (base 2) to base 12
68245
What is -2016a (base 11) in base 2?
-111001100100111
What is -1000101000011101 (base 2) in base 14?
-cc57
235334 (base 9) to base 8
424604
What is -128860 (base 11) in base 5?
-22431030
What is 34459 (base 10) in base 7?
202315
What is -106247 (base 8) in base 10?
-36007
-121220233101 (base 4) to base 16
-668bd1
Convert -c116 (base 15) to base 7.
-226536
-11512 (base 8) to base 14
-1b2a
Convert -46a0262 (base 12) to base 2.
-110100000011001101101010
What is -3bea0 (base 15) in base 5?
-22123200
What is -117861 (base 9) in base 4?
-101123320
Convert -48d9 (base 14) to base 4.
-3012333
What is -6284173 (base 9) in base 13?
-909531
-6a3931 (base 16) to base 2
-11010100011100100110001
Convert a7349 (base 11) to base 10.
156143
What is -48703a (base 14) in base 9?
-4586014
20251341 (base 6) to base 11
368501
122032031 (base 4) to base 9
173288
Convert 3260321 (base 7) to base 3.
202101020122
-9065 (base 11) to base 6
-131442
What is 2010020021 (base 3) in base 8?
121372
1085518 (base 12) to base 11
186a106
Convert 3102331113 (base 5) to base 6.
342512402
47bbb (base 12) to base 3
11220201222
Convert -1012122202000022 (base 3) to base 15.
-17cc4ab
What is f5cf7 (base 16) in base 15?
14d4c9
Convert 25205152 (base 6) to base 8.
3055574
What is 84885 (base 10) in base 13?
2c838
Convert -2173a40 (base 11) to base 2.
-1110100010101001000011
Convert -50331353 (base 6) to base 14.
-2921c9
Convert 775768 (base 12) to base 8.
7170400
-247786 (base 9) to base 3
-21121212220
-26146364 (base 7) to base 5
-1102203032
Convert -21022515 (base 6) to base 2.
-10010100110111001111
-2588758 (base 11) to base 15
-5d680d
What is 4b2239 (base 12) in base 2?
100101011100111001101
What is -6211510 (base 7) in base 14?
-154840
Convert -6bb26 (base 12) to base 15.
-2ce93
Convert 21504242 (base 6) to base 16.
9dce2
Convert -20214013 (base 5) to base 14.
-438c1
-1000222001011 (base 3) to base 5
-120103201
Convert -10002002222210 (base 3) to base 10.
-1635870
4637a8 (base 14) to base 15
323914
136a96 (base 11) to base 2
110100010100000011
-1000101011101 (base 2) to base 12
-26a5
Convert -b18c (base 14) to base 15.
-9089
What is 159794 (base 14) in base 10?
756102
Convert -11416441 (base 9) to base 6.
-315113314
What is 830576 (base 13) in base 16?
2ea549
-129ab (base 16) to base 10
-76203
What is 142190 (base 14) in base 12?
297642
28239 (base 10) to base 15
8579
-916631 (base 11) to base 9
-2684325
What is d36576 (base 16) in base 5?
12021312240
1241212141 (base 5) to base 4
23231123213
Convert -1127eaa (base 15) to base 8.
-56654651
What is -1732751 (base 9) in base 10?
-966538
Convert 13449b (base 12) to base 10.
318647
What is -13a070 (base 13) in base 12?
-1b1279
What is -8b99d (base 16) in base 2?
-10001011100110011101
10100100010100110 (base 2) to base 16
148a6
Convert -3412435 (base 11) to base 15.
-7d0d27
-705311 (base 8) to base 11
-149454
-3055022 (base 6) to base 15
-2dab2
What is -1010011010110110101011 (base 2) in base 4?
-22122312223
What is -16410454 (base 7) in base 6?
-54140101
Convert -11110011011110011110100 (base 2) to base 13.
-186455b
Convert 130172 (base 10) to base 2.
11111110001111100
What is 230511 (base 9) in base 7?
1113622
661485 (base 11) to base 15
15cd90
What is -55529 (base 16) in base 7?
-2653616
Convert 104325163 (base 7) to base 3.
102211200120221
What is 16206445 (base 7) in base 11?
97a075
What is -10011110011000111010 (base 2) in base 12?
-273536
Convert -22021400 (base 5) to base 16.
-2e22f
-52553415 (base 6) to base 16
-177c53
-2a574 (base 12) to base 7
-335434
What is -1210310341 (base 5) in base 12?
-b41544
Convert -10101101002202 (base 3) to base 8.
-6670565
Convert 1d3012 (base 14) to base 3.
1222010010111
What is 129003a (base 11) in base 13?
5cbc65
Convert -233421441 (base 5) to base 15.
-163e66
Convert -14ecf (base 16) to base 9.
-140514
1210020020011 (base 3) to base 15
13b434
Convert -79e16 (base 15) to base 2.
-1011110101101010001
What is -81edde (base 15) in base 14?
-b6aa37
Convert -12202010110 (base 3) to base 7.
-650463
Convert 950698 (base 10) to base 6.
32213214
What is 147cb0 (base 14) in base 11?
447926
Convert 1805bba (base 12) to base 2.
10011000001100001111110
1784695 (base 14) to base 6
1052532043
Convert 396303 (base 10) to base 2.
1100000110000001111
Convert -940524 (base 10) to base 13.
-26c130
What is -1546317 (base 9) in base 3?
-1121120100121
What is 1126a8 (base 11) in base 14?
4943c
What is -328106 (base 10) in base 5?
-40444411
Convert -30775 (base 11) to base 3.
-2021112012
Convert -68684 (base 9) to base 4.
-23023000
101110100000001000111110 (base 2) to base 15
110bdea
What is -20a552 (base 12) in base 16?
-7de8e
What is -226121 (base 7) in base 13?
-155b4
Convert -11302302232 (base 4) to base 5.
-342100031
What is -30503222 (base 6) in base 14?
-18c6bc
What is -202101220200 (base 3) in base 8?
-1420320
132b (base 12) to base 5
32240
-10220022002102 (base 3) to base 4
-13322000210
What is 764361 (base 8) in base 4?
332203301
What is 31212032 (base 4) in base 9?
84352
What is 12221373 (base 9) in base 14?
b1887b
Convert 221203231 (base 5) to base 15.
13e5cb
308308 (base 9) to base 5
21330410
Convert 878bc (base 16) to base 7.
4501435
-2e5d21 (base 16) to base 4
-23211310201
Convert 34d73c (base 15) to base 5.
1121314012
Convert -1122887 (base 9) to base 3.
-1010202222221
Convert -100344411 (base 5) to base 9.
-673855
Convert 282528 (base 15) to base 2.
111010111100110001111
What is 210211022220 (base 3) in base 10?
429621
2440301 (base 5) to base 6
554250
What is -128985 (base 13) in base 9?
-752016
What is 1110110000010001 (base 2) in base 12?
2ab81
What is -10110001011110011 (base 2) in base 13?
-3248a
What is 1369922 (base 10) in base 8?
5163502
-9452188 (base 10) to base 5
-4404432223
-22552 (base 12) to base 16
-b28e
Convert 31005040 (base 6) to base 4.
3120230100
What is 11d1eb (base 16) in base 8?
4350753
What is 5e192 (base 15) in base 6?
10240145
-38596a (base 12) to base 3
-1201212022001
16816998 (base 10) to base 3
1011122101120210
Convert -10a59 (base 11) to base 12.
-9263
What is 54bcb (base 15) in base 7?
2201051
What is -1001110101000101 (base 2) in base 13?
-15430
What is 110001000000010010010 (base 2) in base 11?
9a7499
-15850883 (base 9